be 0 + 0 - (-2 + 2). Let f = 5 + -1. Suppose 4*s = -2*i - s + 36, u = 4*i + f*s - 48. Calculate the greatest common divisor of 8 and i.
8
Suppose 2*j - 2*n - 56 = 0, -3*j + 4*j + 2*n - 43 = 0. Suppose 27*p = -30 + 111. Calculate the highest common divisor of j and p.
3
Let k(i) = i**3 + 11*i**2 - 6*i + 9. Let u be k(-8). Let q be 1/(-4) - (-677)/4. Let n = u - q. Calculate the highest common factor of 20 and n.
20
Let h be 375/1*-4*(-45)/300. Calculate the highest common divisor of 9 and h.
9
Let b(x) = x**3 + 3*x**2 + x + 6. Let i be b(-2). What is the greatest common factor of i and 32?
8
Suppose -446 - 616 = 64*f - 1446. Let a(h) = h**3 - 3*h**2 + 4. Let s be a(5). What is the highest common divisor of s and f?
6
Let m(z) = 6*z**2 - 3*z - 3. Let d be m(-4). Let o(i) = -21 - i - 18*i - i**2 + 7*i. Let k be o(-6). Calculate the highest common factor of d and k.
15
Let h(w) = w**3 + w**2 - w + 7. Let d be h(0). Let j = 43 + -28. Let t = j - -6. What is the greatest common factor of d and t?
7
Suppose 297*p = 312*p - 13035. Calculate the greatest common factor of p and 158.
79
Suppose -4*z = z - 25. Suppose -2*h - z*t + 32 = h, 4*h - t - 58 = 0. What is the greatest common factor of h and 35?
7
Suppose -507 = -2*m - 65. Calculate the highest common factor of 17 and m.
17
Let x = -29 - -34. Suppose -5*n + 10 = -x. What is the greatest common divisor of 24 and n?
3
Let d(r) = -r**3 - 7*r**2 - 22*r - 107. Let l be d(-8). Calculate the highest common divisor of 21 and l.
7
Let s be (-2)/((5/(-8))/5). Suppose s*w = 18*w - 30. Let g be 2/(-2)*(-80)/8. What is the greatest common divisor of w and g?
5
Suppose -2*u + 339 = u. Suppose -5*h + 97 = -u. Suppose 3*b = 2*p - 74, 54*p - 26 = 52*p - 5*b. What is the highest common divisor of p and h?
14
Suppose 0 = y + 4*y - 50. Suppose 0 = 3*p - 3*h - 516, -2*h = -p + 3*h + 180. Calculate the highest common factor of p and y.
10
Suppose -3*f - 1 = -2*f + 5*l, -3*l + 21 = 3*f. Let h = f + -14. Let j be -4*(-1)/h*-30. Calculate the greatest common divisor of 24 and j.
24
Let u be ((-2065)/30)/(-1) - (-1)/6. What is the highest common factor of u and 276?
69
Let l(a) = a + 4. Let z = -13 - -5. Let b be l(z). Let n = b + 17. Calculate the greatest common factor of n and 39.
13
Suppose -30 = 2*u - 48. Calculate the highest common divisor of u and 441.
9
Suppose -43 = -18*i + 767. Calculate the greatest common divisor of 225 and i.
45
Let t be (4/5)/(4/(-130)). Let w = 86 + t. Suppose 2*h + 0*h = w. Calculate the greatest common factor of 120 and h.
30
Let i(k) be the second derivative of k**3/2 - 20*k**2 + 30*k. Let t be i(14). What is the highest common divisor of 14 and t?
2
Let b(n) = -n**3 - 9*n**2 - 19*n - 1. Let a be b(-6). Suppose 0 = i + 3*i + 4*r - 36, a*i - 4*r - 72 = 0. What is the highest common divisor of i and 8?
4
Suppose -64 = -2*o + 8. Suppose 0 = -2*k + 2*t + o - 14, -t = -2*k + 22. Calculate the highest common factor of 11 and k.
11
Let w(p) = 34*p**2 + 4*p - 19. Let z be w(-6). Suppose 5*n + 136 = z. Calculate the highest common factor of n and 19.
19
Let t(j) = j**3 - 8*j**2 + 12*j + 2. Let i be t(6). Let d be (-26 - 1)/(2/(-2)). Let n be 4/18 + 588/d. Calculate the highest common factor of i and n.
2
Let m = -151 + 253. What is the greatest common divisor of m and 357?
51
Let t be (-816)/(-27) + (-2)/9. Let p be ((-36)/(-24))/((-4)/480*-4). Calculate the greatest common factor of t and p.
15
Suppose 0*s + 3*s = 108. Suppose -4*z + s = -48. Suppose 5*n + 63 = 14*n. Calculate the greatest common divisor of z and n.
7
Suppose -2*h + 44 = 44. Suppose -8*o + 24*o - 400 = h. Suppose 2*t + 594 = 3*z, 55 = z + 5*t - 160. Calculate the greatest common factor of o and z.
25
Let l(p) = 2*p**2 - 2*p - 4. Let b be l(-3). Suppose -5*s + 180 = s. Calculate the greatest common divisor of s and b.
10
Let f be (86/6)/(2/(-6)). Let m = 698 - 720. Let g = m - f. What is the highest common divisor of 7 and g?
7
Suppose 5*s - 19 = 21. Suppose -5*c - 4*z = -20 - 72, -3*c = -2*z - 42. Calculate the highest common factor of c and s.
8
Suppose 58 = 3*w - r, 16*r = -5*w + 13*r + 106. Calculate the greatest common divisor of w and 4.
4
Suppose -w + 60 = 7*g - 3*g, -3*w = 3*g - 54. Let d = 38 - g. Calculate the greatest common divisor of 3 and d.
3
Suppose 334 = 3*p - h, -2*p + 5*h + 85 = -129. Let v = -17 + 20. Suppose 4*n - 67 = v*a, -a + 1 = -2*a. What is the greatest common factor of p and n?
16
Let t = -359 + 419. Suppose 2*i = -5*p + 301, 0 = -3*p + 3*i + 199 - 10. Let x be p/4 + 1/(-4). Calculate the highest common divisor of t and x.
15
Suppose -2*t - 216 = -6*t. Let v = t + -10. Let u be (30/(-20))/((-3)/v). What is the highest common factor of 22 and u?
22
Let c(b) = b**3 - 20*b**2 - 55*b + 1132. Let f be c(20). Suppose 2*p - 95 = 1. What is the greatest common factor of p and f?
16
Let j be -552*2/(-5) - 128/160. Calculate the greatest common divisor of 20 and j.
20
Let k = -20 - -12. Let b be 6/k - (-215)/20. Calculate the highest common divisor of b and 50.
10
Let b(h) be the second derivative of -h**3/3 + h. Let w be (1 - 9) + (4 - 3 - -2). Let v be b(w). What is the highest common divisor of 110 and v?
10
Suppose 4*h - 9*h = 5820. Let q be h/(-48) - (-1)/(-4). Let g = -8 + 16. What is the greatest common divisor of g and q?
8
Suppose 7698 = 26*s + 2550. Calculate the highest common factor of s and 44.
22
Let a = 27 - 26. Let t(g) = 17*g**3 - 2*g**2 - g + 2. Let s be t(a). Let p(f) = -f**2 - 14*f. Let b be p(-6). What is the highest common divisor of b and s?
16
Suppose 0 = 2*k + 21 - 99. Let i(a) = -183*a - 2536. Let t be i(-14). What is the greatest common factor of k and t?
13
Let k be ((-2)/4)/((-11)/(-308)). Suppose 30 = 3*b + 3*s + 6, -b = 2*s - 12. Let z be 4 - (1 + k - b). Calculate the greatest common divisor of z and 63.
21
Let j be (-2 - 0 - 24)/((-76)/342). Calculate the highest common divisor of 9 and j.
9
Let v be (-5)/4 - 348/(-48). Suppose v*b - 50 = 46. Calculate the highest common divisor of b and 12.
4
Suppose -144 + 529 = 11*q. Calculate the greatest common divisor of q and 140.
35
Let h(q) = -3*q**2 + 3*q - 2. Let x be h(1). Let g(t) = -36*t + 2. Let d be g(x). Let i = 7 + d. Calculate the highest common divisor of 54 and i.
27
Suppose -118 - 250 = -23*v. What is the greatest common divisor of 464 and v?
16
Let v(t) = 14*t + 235. Let u be v(-16). Calculate the highest common divisor of u and 473.
11
Let a be ((-1)/3)/(2*4/(-144)). Suppose a*x = 3*x + 240. What is the highest common divisor of x and 16?
16
Let m = 17 + -47. Let t = m - -32. What is the greatest common divisor of t and 3?
1
Let o = 7 - 3. Suppose 3*b - 8 = k, 5*k + o*b - 30 = 6. Calculate the greatest common factor of 5 and k.
1
Suppose 0 = -4*y + 4*v + 308, 31*y = 34*y - v - 237. Calculate the greatest common divisor of y and 176.
16
Let d(r) = -25*r - 7. Let o be d(-5). Let f = o - 83. Suppose s - f = 3*b, -4*s + 140 = -0*s + 2*b. Calculate the greatest common divisor of s and 14.
7
Let s(a) = a**2 + 42*a + 179. Let g be s(-4). Calculate the greatest common factor of 297 and g.
27
Let g(q) = q**3 + 6*q**2 + 3*q - 6. Let o be g(-5). Suppose x = -x + 2, o*x = 2*j. Calculate the greatest common divisor of j and 5.
1
Let q(i) = -3*i**2 + 17*i - 9. Let n be 4 + (-6)/8*-4. Let m be q(n). Let p = 38 + m. What is the greatest common divisor of 4 and p?
1
Let c(i) = 3*i**2 - 4*i - 4. Let l be c(5). Suppose -k - 3*p - 11 + 42 = 0, -k - 2*p + 32 = 0. What is the highest common divisor of k and l?
17
Let f(i) = -i**3 - i - 4. Let z be f(-3). What is the highest common factor of 78 and z?
26
Let a = -3995 - -4019. Suppose -2*u + 6*u + 4*m = 44, -m - 21 = -u. What is the highest common divisor of u and a?
8
Suppose 2 = 3*i - 1. Let f = -17 - -28. What is the highest common factor of f and i?
1
Suppose 3*w = -w - 0*w. Suppose 2*x = b - w*b + 56, -2*x - 5*b = -32. Suppose -18 + 5 = -t. What is the greatest common divisor of t and x?
13
Suppose 3*j = -93 + 21. Let p = j - -38. Suppose 0 = -2*k + 14 - 0. What is the highest common divisor of p and k?
7
Let q(n) = 76*n**2 + 2*n + 4. Let u be q(-2). What is the greatest common divisor of u and 190?
38
Let j be -1*(-1696)/10 + (-4)/(-10). What is the greatest common divisor of j and 34